{"id":40,"date":"2023-07-21T11:49:52","date_gmt":"2023-07-21T09:49:52","guid":{"rendered":"http:\/\/stunt-competence.de\/?page_id=40"},"modified":"2024-09-04T14:22:11","modified_gmt":"2024-09-04T12:22:11","slug":"home","status":"publish","type":"page","link":"https:\/\/stunt-competence.de\/","title":{"rendered":"Herzlich Willkommen auf der Webseite der Stunt Competence"},"content":{"rendered":"[et_pb_section fb_built=&#8220;1&#8243; _builder_version=&#8220;4.23.1&#8243; _module_preset=&#8220;default&#8220; background_color=&#8220;#474747&#8243; global_colors_info=&#8220;{}&#8220;][\/et_pb_section][et_pb_section fb_built=&#8220;1&#8243; _builder_version=&#8220;4.23.1&#8243; _module_preset=&#8220;default&#8220; global_colors_info=&#8220;{}&#8220;][\/et_pb_section][et_pb_section fb_built=&#8220;1&#8243; admin_label=&#8220;section&#8220; _builder_version=&#8220;4.23.1&#8243; background_color=&#8220;#474747&#8243; min_height=&#8220;1244.8px&#8220; custom_margin=&#8220;-252px|||||&#8220; custom_padding=&#8220;||0px|||&#8220; global_colors_info=&#8220;{}&#8220;][et_pb_row admin_label=&#8220;row&#8220; _builder_version=&#8220;4.16&#8243; background_size=&#8220;initial&#8220; background_position=&#8220;top_left&#8220; background_repeat=&#8220;repeat&#8220; global_colors_info=&#8220;{}&#8220;][et_pb_column type=&#8220;4_4&#8243; _builder_version=&#8220;4.16&#8243; custom_padding=&#8220;|||&#8220; global_colors_info=&#8220;{}&#8220; custom_padding__hover=&#8220;|||&#8220;][et_pb_divider show_divider=&#8220;off&#8220; _builder_version=&#8220;4.23.1&#8243; _module_preset=&#8220;default&#8220; global_colors_info=&#8220;{}&#8220;][\/et_pb_divider][et_pb_text _builder_version=&#8220;4.23.3&#8243; _module_preset=&#8220;default&#8220; header_2_font=&#8220;Teko||||||||&#8220; header_2_text_color=&#8220;#FFFFFF&#8220; header_2_font_size=&#8220;40px&#8220; header_2_letter_spacing=&#8220;1px&#8220; header_4_font=&#8220;Teko|600|||||||&#8220; header_4_text_color=&#8220;#FFFFFF&#8220; header_4_font_size=&#8220;40px&#8220; header_4_letter_spacing=&#8220;2px&#8220; global_colors_info=&#8220;{}&#8220;]<h2>Herzlich Willkommen bei Stunt Competence!<\/h2>[\/et_pb_text][et_pb_text admin_label=&#8220;Text&#8220; _builder_version=&#8220;4.23.4&#8243; text_font=&#8220;|500|||||||&#8220; text_text_color=&#8220;#FFFFFF&#8220; text_font_size=&#8220;16px&#8220; text_line_height=&#8220;1.8em&#8220; background_size=&#8220;initial&#8220; background_position=&#8220;top_left&#8220; background_repeat=&#8220;repeat&#8220; custom_margin=&#8220;||-112px|||&#8220; custom_padding=&#8220;||0px|||&#8220; global_colors_info=&#8220;{}&#8220;]<p><strong>Sch\u00f6n, dass Du hier bist!<\/strong> Hier erf\u00e4hrst Du alles \u00fcber meine fesselnde Welt von aufregenden Film-&amp; Eventstunts. Wenn es um actiongeladene Sequenzen, riskante Aktionen und atemberaubende Inszenierungen geht, bist Du hier genau richtig!<\/p>\n<p>Auf dieser Webseite bekommst Du spannende Einblicke in meine bisherigen Projekte und meine umfangreichen F\u00e4higkeiten als Stuntman und Stunt Coordinator. Ich m\u00f6chte Dir im Folgenden meine Arbeitsweise n\u00e4herbringen und darstellen, wie wir gemeinsam Deine spektakul\u00e4ren Momente zum Leben erwecken k\u00f6nnen.<\/p>\n<p>Als erfahrener Stunt Double und Koordinator konnte ich bereits sehr viele Erfahrungen in der Filmindustrie sammeln und war an zahlreichen bekannten Filmproduktionen beteiligt. Ich durfte mit renommierten Regisseuren, bekannten Schauspielern und Musikern zusammenarbeiten. Egal ob es sich um waghalsige Spr\u00fcnge, komplexe Choreografien oder riskante Feuerszenen handelt &#8211; ich bin immer mit vollem Einsatz dabei!<\/p>\n<p>Durch meine langj\u00e4hrige Erfahrung und fundierte Ausbildung beherrsche ich die unterschiedlichsten Techniken. Ich bin daher in der Lage, Actionszenen sehr variantenreich umzusetzen. Mein Ziel ist es immer, mit spektakul\u00e4ren Stunts und atemberaubenden Szenen zu begeistern!<\/p>\n<p>Sicherheit hat f\u00fcr mich oberste Priorit\u00e4t. Mit Pr\u00e4zision und Know-How setze ich mich daf\u00fcr ein, dass jeder Ablauf professionell geplant und absolut sicher umgesetzt wird. Alle Stunts werden akribisch vorbereitet und Risiken minimiert.<\/p>\n<p>Tauche ein in meine adrenalingeladene Welt! Ich freue mich darauf, gemeinsam fesselnde Augenblicke zu kreieren, die garantiert begeistern werden!<\/p>\n<p><\/p>\n<p class=\"is-layout-flex wp-container-core-columns-is-layout-9d6595d7 wp-block-columns-is-layout-flex\"><\/p>[\/et_pb_text][et_pb_divider show_divider=&#8220;off&#8220; _builder_version=&#8220;4.23.4&#8243; _module_preset=&#8220;default&#8220; custom_padding=&#8220;||93px|||&#8220; global_colors_info=&#8220;{}&#8220;][\/et_pb_divider][et_pb_video src=&#8220;https:\/\/stunt-competence.de\/wp-content\/uploads\/2023\/07\/small-Kopie.mp4&#8243; _builder_version=&#8220;4.23.4&#8243; _module_preset=&#8220;default&#8220; global_colors_info=&#8220;{}&#8220;][\/et_pb_video][\/et_pb_column][\/et_pb_row][et_pb_row column_structure=&#8220;1_3,1_3,1_3&#8243; _builder_version=&#8220;4.23.1&#8243; _module_preset=&#8220;default&#8220; global_colors_info=&#8220;{}&#8220;][et_pb_column type=&#8220;1_3&#8243; _builder_version=&#8220;4.23.1&#8243; _module_preset=&#8220;default&#8220; global_colors_info=&#8220;{}&#8220;][et_pb_button button_url=&#8220;@ET-DC@eyJkeW5hbWljIjp0cnVlLCJjb250ZW50IjoicG9zdF9saW5rX3VybF9wYWdlIiwic2V0dGluZ3MiOnsicG9zdF9pZCI6IjkifX0=@&#8220; button_text=&#8220;Was k\u00f6nnt ihr von mir erwarten&#8220; button_alignment=&#8220;center&#8220; _builder_version=&#8220;4.27.0&#8243; _module_preset=&#8220;default&#8220; custom_button=&#8220;on&#8220; button_text_size=&#8220;18px&#8220; button_text_color=&#8220;#FFFFFF&#8220; button_bg_color=&#8220;RGBA(255,255,255,0)&#8220; button_letter_spacing=&#8220;1px&#8220; button_font=&#8220;Teko|500|||||||&#8220; hover_enabled=&#8220;0&#8243; box_shadow_style=&#8220;preset2&#8243; global_colors_info=&#8220;{}&#8220; _dynamic_attributes=&#8220;button_url&#8220; sticky_enabled=&#8220;0&#8243;][\/et_pb_button][\/et_pb_column][et_pb_column type=&#8220;1_3&#8243; _builder_version=&#8220;4.23.1&#8243; _module_preset=&#8220;default&#8220; global_colors_info=&#8220;{}&#8220;][et_pb_button button_url=&#8220;@ET-DC@eyJkeW5hbWljIjp0cnVlLCJjb250ZW50IjoicG9zdF9saW5rX3VybF9wYWdlIiwic2V0dGluZ3MiOnsicG9zdF9pZCI6IjEwIn19@&#8220; button_text=&#8220;Was habe ich bisher schon gemacht&#8220; button_alignment=&#8220;center&#8220; _builder_version=&#8220;4.27.0&#8243; _module_preset=&#8220;default&#8220; custom_button=&#8220;on&#8220; button_text_color=&#8220;#FFFFFF&#8220; button_font=&#8220;Teko||||||||&#8220; hover_enabled=&#8220;0&#8243; box_shadow_style=&#8220;preset2&#8243; global_colors_info=&#8220;{}&#8220; _dynamic_attributes=&#8220;button_url&#8220; sticky_enabled=&#8220;0&#8243;][\/et_pb_button][\/et_pb_column][et_pb_column type=&#8220;1_3&#8243; _builder_version=&#8220;4.23.1&#8243; _module_preset=&#8220;default&#8220; global_colors_info=&#8220;{}&#8220;][et_pb_button button_url=&#8220;@ET-DC@eyJkeW5hbWljIjp0cnVlLCJjb250ZW50IjoicG9zdF9saW5rX3VybF9wYWdlIiwic2V0dGluZ3MiOnsicG9zdF9pZCI6IjExIn19@&#8220; button_text=&#8220;Was ihr noch nicht \u00fcber mich wusstet&#8220; button_alignment=&#8220;center&#8220; _builder_version=&#8220;4.27.0&#8243; _module_preset=&#8220;default&#8220; custom_button=&#8220;on&#8220; button_text_color=&#8220;#FFFFFF&#8220; button_font=&#8220;Teko||||||||&#8220; hover_enabled=&#8220;0&#8243; global_colors_info=&#8220;{}&#8220; _dynamic_attributes=&#8220;button_url&#8220; sticky_enabled=&#8220;0&#8243;][\/et_pb_button][\/et_pb_column][\/et_pb_row][\/et_pb_section]","protected":false},"excerpt":{"rendered":"<p>Herzlich Willkommen bei Stunt Competence!Sch\u00f6n, dass Du hier bist! Hier erf\u00e4hrst Du alles \u00fcber meine fesselnde Welt von aufregenden Film-&amp; Eventstunts. Wenn es um actiongeladene Sequenzen, riskante Aktionen und atemberaubende Inszenierungen geht, bist Du hier genau richtig! Auf dieser Webseite bekommst Du spannende Einblicke in meine bisherigen Projekte und meine umfangreichen F\u00e4higkeiten als Stuntman und [&hellip;]<\/p>\n","protected":false},"author":1,"featured_media":0,"parent":0,"menu_order":0,"comment_status":"closed","ping_status":"closed","template":"","meta":{"_et_pb_use_builder":"on","_et_pb_old_content":"<!-- wp:paragraph -->\n<p>Sch\u00f6n, dass Du hier bist! Hier erf\u00e4hrst Du alles \u00fcber die fesselnde Welt von Film- &amp; Eventstunts. Wenn es um actiongeladene Szenen, gef\u00e4hrliche Stunts und atemberaubende Inszenierungen geht, bist Du hier genau richtig! <\/p>\n<!-- \/wp:paragraph -->\n\n<!-- wp:paragraph -->\n<p>Auf dieser Webseite bekommst Du Einblicke in meine Projekte und meine F\u00e4higkeiten als Stuntman und Stunt Coordinator, wie ich arbeite und wie wir Deine Actionszenen zum Leben erwecken k\u00f6nnen.<\/p>\n<!-- \/wp:paragraph -->\n\n<!-- wp:paragraph -->\n<p>Als Stuntman und Stunt Coordinator konnte ich bereits einige Erfahrungen in der Filmindustrie sammeln. Ich durfte bereits in einigen bekannten Filmproduktionen mit bekannten Regisseuren, Schauspielern, aber auch Musikern mitwirken. Egal ob es sich hierbei um waghalsige Spr\u00fcnge, komplexe Kampfszenen oder riskante Feuerszenen handelt, ich bin dabei!<\/p>\n<!-- \/wp:paragraph -->\n\n<!-- wp:paragraph -->\n<p>Bei dieser Arbeit geht es nicht nur um Mut, Pr\u00e4zision und technisches K\u00f6nnen, sondern auch um Sicherheit. Dies hat oberste Priorit\u00e4t f\u00fcr mich und ich setze mich mit Leidenschaft daf\u00fcr ein, dass jede Stuntszene professionell und sicher umgesetzt wird.<\/p>\n<!-- \/wp:paragraph -->\n\n<!-- wp:paragraph -->\n<p>Tauche ein in meine Welt voller Action, Adrenalin und unvergesslicher Momente!<\/p>\n<!-- \/wp:paragraph -->\n\n<!-- wp:video {\"id\":81} -->\n<figure class=\"wp-block-video\"><video controls loop poster=\"http:\/\/stunt-competence.de\/wp-content\/uploads\/2023\/07\/Startbild-Feuervideo.png\" src=\"http:\/\/stunt-competence.de\/wp-content\/uploads\/2023\/07\/small-Kopie.mp4\"><\/video><\/figure>\n<!-- \/wp:video -->\n\n<!-- wp:paragraph -->\n<p><\/p>\n<!-- \/wp:paragraph -->\n\n<!-- wp:columns -->\n<div class=\"wp-block-columns\"><!-- wp:column -->\n<div class=\"wp-block-column\"><!-- wp:buttons {\"layout\":{\"type\":\"flex\",\"justifyContent\":\"center\"}} -->\n<div class=\"wp-block-buttons\"><!-- wp:button -->\n<div class=\"wp-block-button\"><a class=\"wp-block-button__link wp-element-button\" href=\"https:\/\/stunt-competence.de\/leistungen-qualifikationen\/\">Was k\u00f6nnt ihr von mir erwarten<\/a><\/div>\n<!-- \/wp:button --><\/div>\n<!-- \/wp:buttons --><\/div>\n<!-- \/wp:column -->\n\n<!-- wp:column -->\n<div class=\"wp-block-column\"><!-- wp:buttons {\"layout\":{\"type\":\"flex\",\"justifyContent\":\"center\"}} -->\n<div class=\"wp-block-buttons\"><!-- wp:button -->\n<div class=\"wp-block-button\"><a class=\"wp-block-button__link wp-element-button\" href=\"https:\/\/stunt-competence.de\/referenzen\/\">Was habe ich bisher schon gemacht<\/a><\/div>\n<!-- \/wp:button --><\/div>\n<!-- \/wp:buttons --><\/div>\n<!-- \/wp:column -->\n\n<!-- wp:column -->\n<div class=\"wp-block-column\"><!-- wp:buttons {\"layout\":{\"type\":\"flex\",\"justifyContent\":\"center\"}} -->\n<div class=\"wp-block-buttons\"><!-- wp:button -->\n<div class=\"wp-block-button\"><a class=\"wp-block-button__link wp-element-button\" href=\"https:\/\/stunt-competence.de\/ueber-mich\/\">Was ihr noch nicht \u00fcber mich wusstet<\/a><\/div>\n<!-- \/wp:button --><\/div>\n<!-- \/wp:buttons --><\/div>\n<!-- \/wp:column --><\/div>\n<!-- \/wp:columns -->","_et_gb_content_width":"","footnotes":""},"class_list":["post-40","page","type-page","status-publish","hentry"],"_links":{"self":[{"href":"https:\/\/stunt-competence.de\/index.php?rest_route=\/wp\/v2\/pages\/40","targetHints":{"allow":["GET"]}}],"collection":[{"href":"https:\/\/stunt-competence.de\/index.php?rest_route=\/wp\/v2\/pages"}],"about":[{"href":"https:\/\/stunt-competence.de\/index.php?rest_route=\/wp\/v2\/types\/page"}],"author":[{"embeddable":true,"href":"https:\/\/stunt-competence.de\/index.php?rest_route=\/wp\/v2\/users\/1"}],"replies":[{"embeddable":true,"href":"https:\/\/stunt-competence.de\/index.php?rest_route=%2Fwp%2Fv2%2Fcomments&post=40"}],"version-history":[{"count":32,"href":"https:\/\/stunt-competence.de\/index.php?rest_route=\/wp\/v2\/pages\/40\/revisions"}],"predecessor-version":[{"id":439,"href":"https:\/\/stunt-competence.de\/index.php?rest_route=\/wp\/v2\/pages\/40\/revisions\/439"}],"wp:attachment":[{"href":"https:\/\/stunt-competence.de\/index.php?rest_route=%2Fwp%2Fv2%2Fmedia&parent=40"}],"curies":[{"name":"wp","href":"https:\/\/api.w.org\/{rel}","templated":true}]}}