{"id":15,"date":"2023-07-21T11:49:52","date_gmt":"2023-07-21T09:49:52","guid":{"rendered":"http:\/\/stunt-competence.de\/?page_id=15"},"modified":"2024-08-21T17:11:58","modified_gmt":"2024-08-21T15:11:58","slug":"galerie","status":"publish","type":"page","link":"https:\/\/stunt-competence.de\/?page_id=15","title":{"rendered":"Galerie"},"content":{"rendered":"<p>[et_pb_section fb_built=&#8220;1&#8243; _builder_version=&#8220;4.23.3&#8243; _module_preset=&#8220;default&#8220; background_color=&#8220;#474747&#8243; global_colors_info=&#8220;{}&#8220;][et_pb_row _builder_version=&#8220;4.23.3&#8243; _module_preset=&#8220;default&#8220; global_colors_info=&#8220;{}&#8220;][et_pb_column type=&#8220;4_4&#8243; _builder_version=&#8220;4.23.3&#8243; _module_preset=&#8220;default&#8220; global_colors_info=&#8220;{}&#8220;][et_pb_text _builder_version=&#8220;4.23.3&#8243; _module_preset=&#8220;default&#8220; header_3_font=&#8220;Teko||||||||&#8220; header_3_text_color=&#8220;#FFFFFF&#8220; header_3_font_size=&#8220;40px&#8220; header_3_letter_spacing=&#8220;1px&#8220; global_colors_info=&#8220;{}&#8220;]<\/p>\n<h3>Galerie<\/h3>\n<p>[\/et_pb_text][\/et_pb_column][\/et_pb_row][et_pb_row column_structure=&#8220;1_2,1_2&#8243; _builder_version=&#8220;4.23.3&#8243; _module_preset=&#8220;default&#8220; global_colors_info=&#8220;{}&#8220;][et_pb_column type=&#8220;1_2&#8243; _builder_version=&#8220;4.23.3&#8243; _module_preset=&#8220;default&#8220; global_colors_info=&#8220;{}&#8220;][et_pb_blurb _builder_version=&#8220;4.23.3&#8243; _module_preset=&#8220;default&#8220; body_text_color=&#8220;#FFFFFF&#8220; body_font_size=&#8220;16px&#8220; hover_enabled=&#8220;0&#8243; global_colors_info=&#8220;{}&#8220; body_line_height=&#8220;1.8em&#8220; sticky_enabled=&#8220;0&#8243;]<\/p>\n<p class=\"whitespace-pre-wrap\">Tauche ein in meine Galerie mit spektakul\u00e4ren Actionszenen. Entdecke waghalsige Spr\u00fcnge und wortw\u00f6rtlich feurige Explosionen aus meiner Arbeit als Stuntman.<\/p>\n<p class=\"whitespace-pre-wrap\">Jedes Foto steht f\u00fcr unvergessliche Momente voller Leidenschaft. Viel Spa\u00df beim St\u00f6bern durch meine Welt aus Schwei\u00df und Adrenalin!<\/p>\n<p>[\/et_pb_blurb][et_pb_image src=&#8220;https:\/\/stunt-competence.de\/wp-content\/uploads\/2023\/07\/1O4A3056-scaled.jpg&#8220; title_text=&#8220;Stefan auf dem Flugzeug&#8220; _builder_version=&#8220;4.23.3&#8243; _module_preset=&#8220;default&#8220; global_colors_info=&#8220;{}&#8220;][\/et_pb_image][et_pb_image src=&#8220;https:\/\/stunt-competence.de\/wp-content\/uploads\/2023\/07\/Screenshot_20230626_170253_Instagram.jpg&#8220; title_text=&#8220;Stefan springt&#8220; _builder_version=&#8220;4.23.3&#8243; _module_preset=&#8220;default&#8220; global_colors_info=&#8220;{}&#8220;][\/et_pb_image][et_pb_image src=&#8220;https:\/\/stunt-competence.de\/wp-content\/uploads\/2023\/07\/Screenshot_20230626_170501_Instagram.jpg&#8220; title_text=&#8220;Stefan brennt&#8220; _builder_version=&#8220;4.23.3&#8243; _module_preset=&#8220;default&#8220; global_colors_info=&#8220;{}&#8220;][\/et_pb_image][et_pb_image src=&#8220;https:\/\/stunt-competence.de\/wp-content\/uploads\/2023\/07\/IMG_9924.jpeg&#8220; title_text=&#8220;Stefan klettert&#8220; _builder_version=&#8220;4.23.3&#8243; _module_preset=&#8220;default&#8220; global_colors_info=&#8220;{}&#8220;][\/et_pb_image][et_pb_image src=&#8220;https:\/\/stunt-competence.de\/wp-content\/uploads\/2023\/07\/4Y9A3477-scaled.jpg&#8220; title_text=&#8220;Running Stefan&#8220; _builder_version=&#8220;4.23.3&#8243; _module_preset=&#8220;default&#8220; global_colors_info=&#8220;{}&#8220;][\/et_pb_image][\/et_pb_column][et_pb_column type=&#8220;1_2&#8243; _builder_version=&#8220;4.23.3&#8243; _module_preset=&#8220;default&#8220; global_colors_info=&#8220;{}&#8220;][et_pb_image src=&#8220;https:\/\/stunt-competence.de\/wp-content\/uploads\/2023\/07\/IMG_1710.jpg&#8220; title_text=&#8220;Car Stunt&#8220; _builder_version=&#8220;4.23.3&#8243; _module_preset=&#8220;default&#8220; global_colors_info=&#8220;{}&#8220;][\/et_pb_image][et_pb_image src=&#8220;https:\/\/stunt-competence.de\/wp-content\/uploads\/2023\/07\/Screenshot_20230626_170334_Instagram.jpg&#8220; title_text=&#8220;Stefan im High Fall&#8220; _builder_version=&#8220;4.23.3&#8243; _module_preset=&#8220;default&#8220; global_colors_info=&#8220;{}&#8220;][\/et_pb_image][et_pb_image src=&#8220;https:\/\/stunt-competence.de\/wp-content\/uploads\/2023\/07\/IMG_20200313_113527_112-scaled.jpg&#8220; title_text=&#8220;Just Stefan&#8220; _builder_version=&#8220;4.23.3&#8243; _module_preset=&#8220;default&#8220; global_colors_info=&#8220;{}&#8220;][\/et_pb_image][et_pb_image src=&#8220;https:\/\/stunt-competence.de\/wp-content\/uploads\/2023\/07\/IMG_20200913_045558_518-1.jpg&#8220; title_text=&#8220;Stefan im High Fall 2&#8243; _builder_version=&#8220;4.23.3&#8243; _module_preset=&#8220;default&#8220; global_colors_info=&#8220;{}&#8220;][\/et_pb_image][et_pb_image src=&#8220;https:\/\/stunt-competence.de\/wp-content\/uploads\/2023\/07\/IMG_2008-rotated.jpg&#8220; title_text=&#8220;Weihnachtsmann im High Fall&#8220; _builder_version=&#8220;4.23.3&#8243; _module_preset=&#8220;default&#8220; global_colors_info=&#8220;{}&#8220;][\/et_pb_image][\/et_pb_column][\/et_pb_row][\/et_pb_section]<\/p>\n","protected":false},"excerpt":{"rendered":"<p>GalerieTauche ein in meine Galerie mit spektakul\u00e4ren Actionszenen. Entdecke waghalsige Spr\u00fcnge und wortw\u00f6rtlich feurige Explosionen aus meiner Arbeit als Stuntman. Jedes Foto steht f\u00fcr unvergessliche Momente voller Leidenschaft. Viel Spa\u00df beim St\u00f6bern durch meine Welt aus Schwei\u00df und Adrenalin!<\/p>\n","protected":false},"author":1,"featured_media":0,"parent":0,"menu_order":0,"comment_status":"closed","ping_status":"closed","template":"","meta":{"_et_pb_use_builder":"on","_et_pb_old_content":"<!-- wp:paragraph -->\n<p><\/p>\n<!-- \/wp:paragraph -->\n\n<!-- wp:gallery {\"columns\":2,\"linkTo\":\"none\"} -->\n<figure class=\"wp-block-gallery has-nested-images columns-2 is-cropped\"><!-- wp:image {\"id\":117,\"sizeSlug\":\"large\",\"linkDestination\":\"none\"} -->\n<figure class=\"wp-block-image size-large\"><img src=\"http:\/\/stunt-competence.de\/wp-content\/uploads\/2023\/07\/1O4A3056-683x1024.jpg\" alt=\"\" class=\"wp-image-117\"\/><\/figure>\n<!-- \/wp:image -->\n\n<!-- wp:image {\"id\":33,\"sizeSlug\":\"large\",\"linkDestination\":\"none\"} -->\n<figure class=\"wp-block-image size-large\"><img src=\"http:\/\/stunt-competence.de\/wp-content\/uploads\/2023\/07\/Screenshot_20230626_170253_Instagram-1024x1024.jpg\" alt=\"\" class=\"wp-image-33\"\/><\/figure>\n<!-- \/wp:image -->\n\n<!-- wp:image {\"id\":34,\"sizeSlug\":\"large\",\"linkDestination\":\"none\"} -->\n<figure class=\"wp-block-image size-large\"><img src=\"http:\/\/stunt-competence.de\/wp-content\/uploads\/2023\/07\/Screenshot_20230626_170334_Instagram-819x1024.jpg\" alt=\"\" class=\"wp-image-34\"\/><\/figure>\n<!-- \/wp:image -->\n\n<!-- wp:image {\"id\":35,\"sizeSlug\":\"large\",\"linkDestination\":\"none\"} -->\n<figure class=\"wp-block-image size-large\"><img src=\"http:\/\/stunt-competence.de\/wp-content\/uploads\/2023\/07\/Screenshot_20230626_170501_Instagram-824x1024.jpg\" alt=\"\" class=\"wp-image-35\"\/><\/figure>\n<!-- \/wp:image -->\n\n<!-- wp:image {\"id\":111,\"sizeSlug\":\"large\",\"linkDestination\":\"none\"} -->\n<figure class=\"wp-block-image size-large\"><img src=\"http:\/\/stunt-competence.de\/wp-content\/uploads\/2023\/07\/IMG_1710-1024x683.jpg\" alt=\"\" class=\"wp-image-111\"\/><\/figure>\n<!-- \/wp:image -->\n\n<!-- wp:image {\"id\":112,\"sizeSlug\":\"large\",\"linkDestination\":\"none\"} -->\n<figure class=\"wp-block-image size-large\"><img src=\"http:\/\/stunt-competence.de\/wp-content\/uploads\/2023\/07\/IMG_20200313_113527_112-819x1024.jpg\" alt=\"\" class=\"wp-image-112\"\/><\/figure>\n<!-- \/wp:image -->\n\n<!-- wp:image {\"id\":37,\"sizeSlug\":\"large\",\"linkDestination\":\"none\"} -->\n<figure class=\"wp-block-image size-large\"><img src=\"http:\/\/stunt-competence.de\/wp-content\/uploads\/2023\/07\/4Y9A3477-1024x683.jpg\" alt=\"\" class=\"wp-image-37\"\/><\/figure>\n<!-- \/wp:image -->\n\n<!-- wp:image {\"id\":110,\"sizeSlug\":\"large\",\"linkDestination\":\"none\"} -->\n<figure class=\"wp-block-image size-large\"><img src=\"http:\/\/stunt-competence.de\/wp-content\/uploads\/2023\/07\/IMG_20200913_045558_518-1-683x1024.jpg\" alt=\"\" class=\"wp-image-110\"\/><\/figure>\n<!-- \/wp:image -->\n\n<!-- wp:image {\"id\":113,\"sizeSlug\":\"large\",\"linkDestination\":\"none\"} -->\n<figure class=\"wp-block-image size-large\"><img src=\"http:\/\/stunt-competence.de\/wp-content\/uploads\/2023\/07\/IMG_2008-683x1024.jpg\" alt=\"\" class=\"wp-image-113\"\/><\/figure>\n<!-- \/wp:image -->\n\n<!-- wp:image {\"id\":114,\"sizeSlug\":\"large\",\"linkDestination\":\"none\"} -->\n<figure class=\"wp-block-image size-large\"><img src=\"http:\/\/stunt-competence.de\/wp-content\/uploads\/2023\/07\/IMG_9924-768x1024.jpeg\" alt=\"\" class=\"wp-image-114\"\/><\/figure>\n<!-- \/wp:image --><\/figure>\n<!-- \/wp:gallery -->","_et_gb_content_width":"","footnotes":""},"class_list":["post-15","page","type-page","status-publish","hentry"],"_links":{"self":[{"href":"https:\/\/stunt-competence.de\/index.php?rest_route=\/wp\/v2\/pages\/15","targetHints":{"allow":["GET"]}}],"collection":[{"href":"https:\/\/stunt-competence.de\/index.php?rest_route=\/wp\/v2\/pages"}],"about":[{"href":"https:\/\/stunt-competence.de\/index.php?rest_route=\/wp\/v2\/types\/page"}],"author":[{"embeddable":true,"href":"https:\/\/stunt-competence.de\/index.php?rest_route=\/wp\/v2\/users\/1"}],"replies":[{"embeddable":true,"href":"https:\/\/stunt-competence.de\/index.php?rest_route=%2Fwp%2Fv2%2Fcomments&post=15"}],"version-history":[{"count":10,"href":"https:\/\/stunt-competence.de\/index.php?rest_route=\/wp\/v2\/pages\/15\/revisions"}],"predecessor-version":[{"id":334,"href":"https:\/\/stunt-competence.de\/index.php?rest_route=\/wp\/v2\/pages\/15\/revisions\/334"}],"wp:attachment":[{"href":"https:\/\/stunt-competence.de\/index.php?rest_route=%2Fwp%2Fv2%2Fmedia&parent=15"}],"curies":[{"name":"wp","href":"https:\/\/api.w.org\/{rel}","templated":true}]}}